{"id":59,"date":"2020-09-16T05:16:41","date_gmt":"2020-09-16T05:16:41","guid":{"rendered":"https:\/\/websitedemos.net\/brandstore-08\/?page_id=59"},"modified":"2022-04-12T18:18:36","modified_gmt":"2022-04-12T21:18:36","slug":"about","status":"publish","type":"page","link":"https:\/\/unidosdobem.org.br\/bazar\/about\/","title":{"rendered":"About"},"content":{"rendered":"\n<div class=\"inherit-container-width is-layout-constrained wp-block-group alignfull has-ast-global-color-4-background-color has-background\"><div class=\"wp-block-group__inner-container\">\n<div class=\"wp-block-media-text has-media-on-the-right is-stacked-on-mobile is-vertically-aligned-center has-ast-global-color-5-background-color has-background\"><figure class=\"wp-block-media-text__media\"><img decoding=\"async\" loading=\"lazy\" width=\"682\" height=\"1024\" src=\"http:\/\/lojaunidosdobem.org.br\/homologacao\/wp-content\/uploads\/2022\/04\/unidos-do-bem-682x1024.jpeg\" alt=\"Unidos do Bem\" class=\"wp-image-1474 size-full\" srcset=\"https:\/\/unidosdobem.org.br\/bazar\/wp-content\/uploads\/2022\/04\/unidos-do-bem-682x1024.jpeg 682w, https:\/\/unidosdobem.org.br\/bazar\/wp-content\/uploads\/2022\/04\/unidos-do-bem-200x300.jpeg 200w, https:\/\/unidosdobem.org.br\/bazar\/wp-content\/uploads\/2022\/04\/unidos-do-bem-768x1154.jpeg 768w, https:\/\/unidosdobem.org.br\/bazar\/wp-content\/uploads\/2022\/04\/unidos-do-bem-1022x1536.jpeg 1022w, https:\/\/unidosdobem.org.br\/bazar\/wp-content\/uploads\/2022\/04\/unidos-do-bem-1363x2048.jpeg 1363w, https:\/\/unidosdobem.org.br\/bazar\/wp-content\/uploads\/2022\/04\/unidos-do-bem-600x901.jpeg 600w, https:\/\/unidosdobem.org.br\/bazar\/wp-content\/uploads\/2022\/04\/unidos-do-bem.jpeg 1650w\" sizes=\"(max-width: 682px) 100vw, 682px\" \/><\/figure><div class=\"wp-block-media-text__content\">\n<div class=\"inherit-container-width is-layout-constrained wp-block-group\"><div class=\"wp-block-group__inner-container\">\n<h3>Sobre n\u00f3s<\/h3>\n\n\n\n<p>30 de mar\u00e7o de 2020, S\u00e3o Paulo praticamente parada por causa da pandemia. Ao ver a despensa e as geladeiras de seu buffet em Moema lotadas de insumos por causa de in\u00fameros eventos adiados, o empres\u00e1rio Carlos Kaufmann teve uma ideia: <strong>usar sua infraestrutura, equipe e alimentos para distribuir marmitas pela cidade. <\/strong><\/p>\n\n\n\n<p>Assim, mantinha seus <strong>funcion\u00e1rios empregados e alimentava a popula\u00e7\u00e3o de rua <\/strong>\u2014 ainda mais vulner\u00e1vel porque a maioria costuma fazer suas refei\u00e7\u00f5es gra\u00e7as \u00e0 generosidade de donos de bares e restaurantes, que precisaram fechar as portas na quarentena. <\/p>\n\n\n\n<p>O projeto <strong>iniciou com 50 quentinhas por dia,<\/strong> em 30 de mar\u00e7o. <\/p>\n\n\n\n<p>Como uma corrente do bem, amigos foram chegando e o espa\u00e7o se transformou em uma verdadeira f\u00e1brica de marmitas! Mobilizou mais de <strong>260 volunt\u00e1rios que, em maio, alcan\u00e7aram o pico de 3.200 refei\u00e7\u00f5es distribu\u00eddas diariamente,<\/strong> em pleno per\u00edodo cr\u00edtico da pandemia! <\/p>\n\n\n\n<p>Ah, e sempre trabalhamos de domingo a Domingo, com um sorriso de orelha a orelha \ud83d\ude42 <\/p>\n\n\n\n<p><strong>A proposta da turma \u00e9 ajudar a acabar com a fome em S\u00e3o Paulo. <\/strong>A a\u00e7\u00e3o que come\u00e7ou de forma org\u00e2nica, no boca a boca, acabou se profissionalizando e gerou a associa\u00e7\u00e3o Unidos do Bem, formalizada em setembro. <\/p>\n\n\n\n<p><strong>\u00c9 importante ressaltar: <\/strong><\/p>\n\n\n\n<p>\u2022 <strong>Somos uma associa\u00e7\u00e3o suprapartid\u00e1ria,<\/strong> ou seja, que tem como princ\u00edpio n\u00e3o se vincular a nenhum partido pol\u00edtico; <br>\u2022 <strong>Somos uma associa\u00e7\u00e3o laica, <\/strong>ou seja, atendemos a todos, n\u00e3o importando se h\u00e1 ou n\u00e3o uma cren\u00e7a religiosa, seja ela qual for. <br>\u2022 Nosso lema: <strong>\u201cUnidos do bem sem olhar a quem\u201d.<\/strong><\/p>\n<\/div><\/div>\n<\/div><\/div>\n<\/div><\/div>\n\n\n\n<div class=\"inherit-container-width is-layout-constrained wp-block-group alignfull has-ast-global-color-5-color has-ast-global-color-5-background-color has-text-color has-background\"><div class=\"wp-block-group__inner-container\">\n<hr class=\"wp-block-separator aligncenter\"\/>\n<\/div><\/div>\n\n\n\n<div class=\"inherit-container-width is-layout-constrained wp-block-group alignfull has-ast-global-color-5-background-color has-background\"><div class=\"wp-block-group__inner-container\">\n<div class=\"is-layout-flex wp-container-7 wp-block-columns\">\n<div class=\"is-layout-flow wp-block-column\">\n<figure class=\"wp-block-pullquote\"><blockquote><p>Miss\u00e3o<\/p><cite>\u201cPromover o resgate da dignidade humana e o exerc\u00edcio da cidadania da pessoa em situa\u00e7\u00e3o de vulnerabilidade social por car\u00eancia alimentar.\u201d<\/cite><\/blockquote><\/figure>\n<\/div>\n\n\n\n<div class=\"is-layout-flow wp-block-column\">\n<figure class=\"wp-block-pullquote\"><blockquote><p>Vis\u00e3o<\/p><cite>\u201cSer uma organiza\u00e7\u00e3o mobilizadora da sociedade, apoiando as comunidades e outras organiza\u00e7\u00f5es na busca pela justi\u00e7a social em prol da causa do combate \u00e0 fome.\u201d<\/cite><\/blockquote><\/figure>\n<\/div>\n\n\n\n<div class=\"is-layout-flow wp-block-column\">\n<figure class=\"wp-block-pullquote\"><blockquote><p>Valores<\/p><cite>\u201c\u00c9tica, <br>Solidariedade, <br>Compet\u00eancia e <br>Comprometimento.\u201d<br>\ud83d\ude42 <\/cite><\/blockquote><\/figure>\n<\/div>\n<\/div>\n<\/div><\/div>\n\n\n\n<p><\/p>\n","protected":false},"excerpt":{"rendered":"<p>Sobre n\u00f3s 30 de mar\u00e7o de 2020, S\u00e3o Paulo praticamente parada por causa da pandemia. Ao ver a despensa e as geladeiras de seu buffet em Moema lotadas de insumos por causa de in\u00fameros eventos adiados, o empres\u00e1rio Carlos Kaufmann teve uma ideia: usar sua infraestrutura, equipe e alimentos para distribuir marmitas pela cidade. Assim, &hellip;<\/p>\n<p class=\"read-more\"> <a class=\"\" href=\"https:\/\/unidosdobem.org.br\/bazar\/about\/\"> <span class=\"screen-reader-text\">About<\/span> Leia mais &raquo;<\/a><\/p>\n","protected":false},"author":1,"featured_media":0,"parent":0,"menu_order":0,"comment_status":"closed","ping_status":"closed","template":"","meta":{"site-sidebar-layout":"no-sidebar","site-content-layout":"plain-container","ast-global-header-display":"","ast-main-header-display":"","ast-hfb-above-header-display":"","ast-hfb-below-header-display":"","ast-hfb-mobile-header-display":"","site-post-title":"disabled","ast-breadcrumbs-content":"","ast-featured-img":"","footer-sml-layout":"","theme-transparent-header-meta":"enabled","adv-header-id-meta":"","stick-header-meta":"","header-above-stick-meta":"","header-main-stick-meta":"","header-below-stick-meta":""},"_links":{"self":[{"href":"https:\/\/unidosdobem.org.br\/bazar\/wp-json\/wp\/v2\/pages\/59"}],"collection":[{"href":"https:\/\/unidosdobem.org.br\/bazar\/wp-json\/wp\/v2\/pages"}],"about":[{"href":"https:\/\/unidosdobem.org.br\/bazar\/wp-json\/wp\/v2\/types\/page"}],"author":[{"embeddable":true,"href":"https:\/\/unidosdobem.org.br\/bazar\/wp-json\/wp\/v2\/users\/1"}],"replies":[{"embeddable":true,"href":"https:\/\/unidosdobem.org.br\/bazar\/wp-json\/wp\/v2\/comments?post=59"}],"version-history":[{"count":6,"href":"https:\/\/unidosdobem.org.br\/bazar\/wp-json\/wp\/v2\/pages\/59\/revisions"}],"predecessor-version":[{"id":1479,"href":"https:\/\/unidosdobem.org.br\/bazar\/wp-json\/wp\/v2\/pages\/59\/revisions\/1479"}],"wp:attachment":[{"href":"https:\/\/unidosdobem.org.br\/bazar\/wp-json\/wp\/v2\/media?parent=59"}],"curies":[{"name":"wp","href":"https:\/\/api.w.org\/{rel}","templated":true}]}}